{"id":168,"date":"2023-01-24T17:07:25","date_gmt":"2023-01-24T16:07:25","guid":{"rendered":"https:\/\/palettenhandel-krefeld.de\/?page_id=168"},"modified":"2023-01-25T10:11:11","modified_gmt":"2023-01-25T09:11:11","slug":"168-2","status":"publish","type":"page","link":"https:\/\/palettenhandel-krefeld.de\/index.php\/168-2\/","title":{"rendered":"\u00dcber uns"},"content":{"rendered":"<p>[et_pb_section fb_built=&#8220;1&#8243; _builder_version=&#8220;4.16&#8243; _module_preset=&#8220;default&#8220; global_colors_info=&#8220;{}&#8220;][et_pb_row _builder_version=&#8220;4.16&#8243; _module_preset=&#8220;default&#8220; global_colors_info=&#8220;{}&#8220;][et_pb_column type=&#8220;4_4&#8243; _builder_version=&#8220;4.16&#8243; _module_preset=&#8220;default&#8220; global_colors_info=&#8220;{}&#8220;][et_pb_text _builder_version=&#8220;4.16&#8243; _module_preset=&#8220;default&#8220; global_colors_info=&#8220;{}&#8220;]<\/p>\n<h1>\u00dcber uns:<\/h1>\n<p>[\/et_pb_text][et_pb_divider color=&#8220;#ffb400&#8243; divider_weight=&#8220;5px&#8220; _builder_version=&#8220;4.16&#8243; _module_preset=&#8220;default&#8220; custom_margin=&#8220;||29px|||&#8220; global_colors_info=&#8220;{}&#8220;][\/et_pb_divider][et_pb_text _builder_version=&#8220;4.19.1&#8243; _module_preset=&#8220;default&#8220; global_colors_info=&#8220;{}&#8220;]<\/p>\n<p>Seit \u00fcber 12 Jahren sind wir f\u00fcr Sie im Einsatz. Mit Flei\u00df, Zuverl\u00e4ssigkeit und marktgerechten Preisen haben wir uns \u00fcber die Jahre hinweg, einen festen Kundenstamm erarbeitet.<\/p>\n<p>In der Regel stammen unsere Kunden aus den Bereichen Industrie, Handel und sonstigen Gewerbebetrieben. Hier geht es meist um den An- oder Verkauf von..<\/p>\n<p>[\/et_pb_text][\/et_pb_column][\/et_pb_row][et_pb_row column_structure=&#8220;3_5,2_5&#8243; _builder_version=&#8220;4.19.1&#8243; _module_preset=&#8220;default&#8220; global_colors_info=&#8220;{}&#8220;][et_pb_column type=&#8220;3_5&#8243; _builder_version=&#8220;4.19.1&#8243; _module_preset=&#8220;default&#8220; global_colors_info=&#8220;{}&#8220;][et_pb_text _builder_version=&#8220;4.19.1&#8243; _module_preset=&#8220;default&#8220; global_colors_info=&#8220;{}&#8220;]<\/p>\n<ul>\n<li>Europaletten<\/li>\n<li>Einwegpaletten<\/li>\n<li>Gitterboxen<\/li>\n<li>H1 &#8211; Paletten<\/li>\n<li>CP &#8211; Paletten<\/li>\n<li>E2 &#8211; Kisten<\/li>\n<li>D\u00fcsseldorfer Paletten<\/li>\n<li>Aufsetzrahmen<\/li>\n<\/ul>\n<p>[\/et_pb_text][\/et_pb_column][et_pb_column type=&#8220;2_5&#8243; _builder_version=&#8220;4.19.1&#8243; _module_preset=&#8220;default&#8220; global_colors_info=&#8220;{}&#8220;][et_pb_gallery gallery_ids=&#8220;61,40,60,57,44,53,69,64,50,41&#8243; fullwidth=&#8220;on&#8220; _builder_version=&#8220;4.19.1&#8243; _module_preset=&#8220;default&#8220; auto=&#8220;on&#8220; auto_speed=&#8220;4000&#8243; global_colors_info=&#8220;{}&#8220;][\/et_pb_gallery][\/et_pb_column][\/et_pb_row][et_pb_row column_structure=&#8220;3_5,2_5&#8243; _builder_version=&#8220;4.19.1&#8243; _module_preset=&#8220;default&#8220; global_colors_info=&#8220;{}&#8220;][et_pb_column type=&#8220;3_5&#8243; _builder_version=&#8220;4.19.1&#8243; _module_preset=&#8220;default&#8220; global_colors_info=&#8220;{}&#8220;][et_pb_text _builder_version=&#8220;4.19.4&#8243; _module_preset=&#8220;default&#8220; global_colors_info=&#8220;{}&#8220;]<\/p>\n<p>Was uns aber auch freut, ist die st\u00e4ndig wachsende Zahl an Privatkunden.<\/p>\n<ul>\n<li>Europaletten f\u00fcr den Bau von Palettenm\u00f6beln<\/li>\n<li>Einwegpaletten f\u00fcr den Bau von Palettenm\u00f6beln<\/li>\n<li>Europaletten als Blumenk\u00e4sten<\/li>\n<li>Einwegpaletten als Blumenk\u00e4sten<\/li>\n<\/ul>\n<p>Haben Sie Fragen an uns? Rufen Sie einfach an oder\u00a0schreiben Sie uns eine kurze Nachricht. Wir melden uns umgehend.<\/p>\n<p>[\/et_pb_text][et_pb_text _builder_version=&#8220;4.19.4&#8243; _module_preset=&#8220;default&#8220; global_colors_info=&#8220;{}&#8220; theme_builder_area=&#8220;post_content&#8220;]<\/p>\n<p>Quelle:<br \/>Text: Admin<br \/>Bilder: A.F. Palettenhandel und Panther Media Medien-Nr. B177964308, Lizenziert \u00fcber die xsBO GmbH &amp; Co.KG\u00a0<\/p>\n<p>[\/et_pb_text][\/et_pb_column][et_pb_column type=&#8220;2_5&#8243; _builder_version=&#8220;4.19.1&#8243; _module_preset=&#8220;default&#8220; global_colors_info=&#8220;{}&#8220;][et_pb_gallery gallery_ids=&#8220;178&#8243; fullwidth=&#8220;on&#8220; _builder_version=&#8220;4.19.1&#8243; _module_preset=&#8220;default&#8220; auto=&#8220;on&#8220; auto_speed=&#8220;4000&#8243; global_colors_info=&#8220;{}&#8220;][\/et_pb_gallery][\/et_pb_column][\/et_pb_row][\/et_pb_section]<\/p>\n","protected":false},"excerpt":{"rendered":"<p>\u00dcber uns:Seit \u00fcber 12 Jahren sind wir f\u00fcr Sie im Einsatz. Mit Flei\u00df, Zuverl\u00e4ssigkeit und marktgerechten Preisen haben wir uns \u00fcber die Jahre hinweg, einen festen Kundenstamm erarbeitet. In der Regel stammen unsere Kunden aus den Bereichen Industrie, Handel und sonstigen Gewerbebetrieben. Hier geht es meist um den An- oder Verkauf von.. Europaletten Einwegpaletten Gitterboxen [&hellip;]<\/p>\n","protected":false},"author":1,"featured_media":0,"parent":0,"menu_order":0,"comment_status":"closed","ping_status":"closed","template":"","meta":{"_et_pb_use_builder":"on","_et_pb_old_content":"","_et_gb_content_width":"","footnotes":""},"class_list":["post-168","page","type-page","status-publish","hentry"],"_links":{"self":[{"href":"https:\/\/palettenhandel-krefeld.de\/index.php\/wp-json\/wp\/v2\/pages\/168","targetHints":{"allow":["GET"]}}],"collection":[{"href":"https:\/\/palettenhandel-krefeld.de\/index.php\/wp-json\/wp\/v2\/pages"}],"about":[{"href":"https:\/\/palettenhandel-krefeld.de\/index.php\/wp-json\/wp\/v2\/types\/page"}],"author":[{"embeddable":true,"href":"https:\/\/palettenhandel-krefeld.de\/index.php\/wp-json\/wp\/v2\/users\/1"}],"replies":[{"embeddable":true,"href":"https:\/\/palettenhandel-krefeld.de\/index.php\/wp-json\/wp\/v2\/comments?post=168"}],"version-history":[{"count":8,"href":"https:\/\/palettenhandel-krefeld.de\/index.php\/wp-json\/wp\/v2\/pages\/168\/revisions"}],"predecessor-version":[{"id":225,"href":"https:\/\/palettenhandel-krefeld.de\/index.php\/wp-json\/wp\/v2\/pages\/168\/revisions\/225"}],"wp:attachment":[{"href":"https:\/\/palettenhandel-krefeld.de\/index.php\/wp-json\/wp\/v2\/media?parent=168"}],"curies":[{"name":"wp","href":"https:\/\/api.w.org\/{rel}","templated":true}]}}

Über uns

<p>[et_pb_section fb_built=&#8220;1&#8243; _builder_version=&#8220;4.16&#8243; _module_preset=&#8220;default&#8220; global_colors_info=&#8220;{}&#8220;][et_pb_row _builder_version=&#8220;4.16&#8243; _module_preset=&#8220;default&#8220; global_colors_info=&#8220;{}&#8220;][et_pb_column type=&#8220;4_4&#8243; _builder_version=&#8220;4.16&#8243; _module_preset=&#8220;default&#8220; global_colors_info=&#8220;{}&#8220;][et_pb_text _builder_version=&#8220;4.16&#8243; _module_preset=&#8220;default&#8220; global_colors_info=&#8220;{}&#8220;]</p>
<h1>Über uns:</h1>
<p>[/et_pb_text][et_pb_divider color=&#8220;#ffb400&#8243; divider_weight=&#8220;5px&#8220; _builder_version=&#8220;4.16&#8243; _module_preset=&#8220;default&#8220; custom_margin=&#8220;||29px|||&#8220; global_colors_info=&#8220;{}&#8220;][/et_pb_divider][et_pb_text _builder_version=&#8220;4.19.1&#8243; _module_preset=&#8220;default&#8220; global_colors_info=&#8220;{}&#8220;]</p>
<p>Seit über 12 Jahren sind wir für Sie im Einsatz. Mit Fleiß, Zuverlässigkeit und marktgerechten Preisen haben wir uns über die Jahre hinweg, einen festen Kundenstamm erarbeitet.</p>
<p>In der Regel stammen unsere Kunden aus den Bereichen Industrie, Handel und sonstigen Gewerbebetrieben. Hier geht es meist um den An- oder Verkauf von..</p>
<p>[/et_pb_text][/et_pb_column][/et_pb_row][et_pb_row column_structure=&#8220;3_5,2_5&#8243; _builder_version=&#8220;4.19.1&#8243; _module_preset=&#8220;default&#8220; global_colors_info=&#8220;{}&#8220;][et_pb_column type=&#8220;3_5&#8243; _builder_version=&#8220;4.19.1&#8243; _module_preset=&#8220;default&#8220; global_colors_info=&#8220;{}&#8220;][et_pb_text _builder_version=&#8220;4.19.1&#8243; _module_preset=&#8220;default&#8220; global_colors_info=&#8220;{}&#8220;]</p>
<ul>
<li>Europaletten</li>
<li>Einwegpaletten</li>
<li>Gitterboxen</li>
<li>H1 &#8211; Paletten</li>
<li>CP &#8211; Paletten</li>
<li>E2 &#8211; Kisten</li>
<li>Düsseldorfer Paletten</li>
<li>Aufsetzrahmen</li>
</ul>
<p>[/et_pb_text][/et_pb_column][et_pb_column type=&#8220;2_5&#8243; _builder_version=&#8220;4.19.1&#8243; _module_preset=&#8220;default&#8220; global_colors_info=&#8220;{}&#8220;][et_pb_gallery gallery_ids=&#8220;61,40,60,57,44,53,69,64,50,41&#8243; fullwidth=&#8220;on&#8220; _builder_version=&#8220;4.19.1&#8243; _module_preset=&#8220;default&#8220; auto=&#8220;on&#8220; auto_speed=&#8220;4000&#8243; global_colors_info=&#8220;{}&#8220;][/et_pb_gallery][/et_pb_column][/et_pb_row][et_pb_row column_structure=&#8220;3_5,2_5&#8243; _builder_version=&#8220;4.19.1&#8243; _module_preset=&#8220;default&#8220; global_colors_info=&#8220;{}&#8220;][et_pb_column type=&#8220;3_5&#8243; _builder_version=&#8220;4.19.1&#8243; _module_preset=&#8220;default&#8220; global_colors_info=&#8220;{}&#8220;][et_pb_text _builder_version=&#8220;4.19.4&#8243; _module_preset=&#8220;default&#8220; global_colors_info=&#8220;{}&#8220;]</p>
<p>Was uns aber auch freut, ist die ständig wachsende Zahl an Privatkunden.</p>
<ul>
<li>Europaletten für den Bau von Palettenmöbeln</li>
<li>Einwegpaletten für den Bau von Palettenmöbeln</li>
<li>Europaletten als Blumenkästen</li>
<li>Einwegpaletten als Blumenkästen</li>
</ul>
<p>Haben Sie Fragen an uns? Rufen Sie einfach an oder schreiben Sie uns eine kurze Nachricht. Wir melden uns umgehend.</p>
<p>[/et_pb_text][et_pb_text _builder_version=&#8220;4.19.4&#8243; _module_preset=&#8220;default&#8220; global_colors_info=&#8220;{}&#8220; theme_builder_area=&#8220;post_content&#8220;]</p>
<p>Quelle:<br />Text: Admin<br />Bilder: A.F. Palettenhandel und Panther Media Medien-Nr. B177964308, Lizenziert über die xsBO GmbH &amp; Co.KG </p>
<p>[/et_pb_text][/et_pb_column][et_pb_column type=&#8220;2_5&#8243; _builder_version=&#8220;4.19.1&#8243; _module_preset=&#8220;default&#8220; global_colors_info=&#8220;{}&#8220;][et_pb_gallery gallery_ids=&#8220;178&#8243; fullwidth=&#8220;on&#8220; _builder_version=&#8220;4.19.1&#8243; _module_preset=&#8220;default&#8220; auto=&#8220;on&#8220; auto_speed=&#8220;4000&#8243; global_colors_info=&#8220;{}&#8220;][/et_pb_gallery][/et_pb_column][/et_pb_row][/et_pb_section]</p>

<p>Über uns:Seit über 12 Jahren sind wir für Sie im Einsatz. Mit Fleiß, Zuverlässigkeit und marktgerechten Preisen haben wir uns über die Jahre hinweg, einen festen Kundenstamm erarbeitet. In der Regel stammen unsere Kunden aus den Bereichen Industrie, Handel und sonstigen Gewerbebetrieben. Hier geht es meist um den An- oder Verkauf von.. Europaletten Einwegpaletten Gitterboxen [&hellip;]</p>
